7).
15
Evaluate 4 + -13 - -6 - (-7 - -2 - 10).
12
(-2 - 2) + 11 + (6 - -4) + 4
21
What is (-56 - -7) + 11 - -23?
-15
Evaluate 20 - ((-7 - (7 + -3)) + 11).
20
What is the value of 5 + 1 - (3 + (-8 - (3 - 3)))?
11
What is -103 + 96 - ((-2 - 3) + (2 - -1))?
-5
Evaluate 1 + 7 + (10 - 8) + -11.
-1
Evaluate 0 + (-8 - -1 - -10).
3
Calculate -9 - 23 - -16 - 2.
-18
-12 + -2 + (3 - (0 - 4))
-7
What is -27 - (-13 - -1) - -14?
-1
Calculate -19 + (8 - (-21 + -9)).
19
What is the value of -44 - 6 - (11 + (4 - 28))?
-37
Calculate (10 - -12) + -10 + -24.
-12
Evaluate -23 - -1 - (-9 - -2).
-15
-2 + 2 - (93 + -92 - (-1 - -9))
7
Evaluate -6 + (-15 - (-54 + 9)) + -12.
12
What is (26 - 10) + -7 + 12?
21
What is -1 - (2 + -9) - (52 - 25 - 36)?
15
Calculate (-10 + -7 + 14 - 3) + 9.
3
Calculate (1 - 10) + 345 + -327.
9
7 + 3 + -3 - (74 + -79)
12
Evaluate -5 + 1 - (-2 + -5 + 1 + -6).
8
What is -19 + 5 + (-4 - -11) - (8 - -1)?
-16
Calculate -32 + 31 - 46 - -32.
-15
What is the value of -5 + 5 + (1 - 5) + 24 + 5?
25
(17 - -2 - 7) + (-19 - -7) + 7
7
What is 4 + (28 - (-13 + 10)) - 16?
19
Evaluate 13 + 11 + -31 - 4.
-11
What is the value of 6 - (25 + -19 + -2)?
2
What is the value of -897 + 885 + -3 + -1?
-16
Evaluate -305 + 313 + (4 - 2) + 1.
11
What is -15 - -56 - 20 - 11?
10
What is 2 - (0 + 3) - (-90 - -92) - 17?
-20
What is the value of (-2 - 8) + -33 + 59?
16
Calculate 42 + -33 - 5 - (16 + 0 + 0).
-12
What is -11 + (-5 - -15 - (-8 - -5))?
2
Calculate (-1 + -3 - (-9 - (-18 + 9))) + 19.
15
6 + 0 - (-3 - (1 - 6))
4
Calculate 5 + 11 + (-7 - -12) + -2 - 4.
15
Evaluate (-3 + 10 + 2 + -6 - -4) + -4.
3
Evaluate -18 - (-13 - (-4 + -5)).
-14
What is 10 + -23 + 4 - (3 + 10)?
-22
What is the value of (2 - -3 - (-1 - (-13 + 7))) + -12?
-12
4 + (4 - 28) + 24
4
What is (2 - (3 + -9)) + -9 + (5 - -31)?
35
What is the value of 22 - 29 - (-5 - (-2 - -3 - 2))?
-3
What is the value of -8 - 0 - (5 - 3)?
-10
Calculate (-24 - -6 - -9) + 0.
-9
What is the value of 0 + 1 + -1 + 236 + -229?
7
-15 + 2 + (-7 - (-2 + 1 + 2))
-21
Calculate -2 - 1 - (0 + (-6 - -2)).
1
What is the value of 19 - (5 - -10) - -7?
11
Calculate (1 - -1) + (-19 - (2 - (14 - -10))).
5
Evaluate 6 + -22 - ((-34 - -49) + -13).
-18
What is the value of 3 - -4 - (3 + -10)?
14
9 + -25 - (-12 + 1) - (-7 - -2)
0
Calculate 2 - (13 + (15 - 31)).
5
Calculate 3 + -1 - (17 + -20) - (-10 - -11).
4
-6 - -10 - (-2 + 1 + -2 + 2)
5
10 - (30 + -19 + -7 - -20)
-14
Calculate (-12 - -8) + -4 + 11 - 0.
3
What is 16 - (49 - ((-18 - -5) + 15))?
-31
Calculate -6 - 1 - (-160 + 148).
5
Evaluate (-5 - -1) + (-43 - (-43 + 12)).
-16
What is the value of -24 + 10 + 8 + 2 + -1 + -8?
-13
What is the value of 26 + -71 + 47 + 0?
2
What is (149 - 150) + (1 - 2 - -4)?
2
Calculate (-4 - (-4 + 3)) + (36 - 49).
-16
What is the value of 43 + -36 + 3 + 5 - 12?
3
What is 4 - 2 - (2 + (0 - 9)) - -2?
11
What is the value of (7 - -1) + (42 - 9 - 31)?
10
-1 + -2 - (7 - 19)
9
12 + 10 + -40 + (-23 - -8)
-33
Evaluate -40 + 34 + (10 - 2).
2
(0 - (10 + -5)) + (7 - -2 - 3)
1
Evaluate 10 + 2 - (6 + -8 + 10 + -7).
11
-54 - 0 - (-125 + 96)
-25
Calculate (-4 - -2 - -2) + 1 + -1 + 10.
10
What is -2 + (-15 - (-23 - -12))?
-6
What is (-2 + 0 - (-41 - -40)) + -30 + 4?
-27
What is (2 - (0 + 12)) + -10 + (53 - 31)?
2
What is (-21 - -3) + 19 - ((5 - 5) + 5)?
-4
Evaluate (14 - -2) + 64 + -90.
-10
Calculate -31 + 19 + 16 - (-10 + (2 - -1)).
11
Calculate (-2 - (-3 - 1)) + -35 + 32.
-1
Calculate (-6 - 1) + 2 + -2 + 3 + -2.
-6
-2 - (15 + -4 - 3 - -1 - 5)
-6
What is 10 + (-8 - -13 - 32) + 10 - -17?
10
What is the value of (-12 + 4 - 22) + 13?
-17
Calculate -2 - -4 - (38 + -15 - 11).
-10
What is -116 + 109 - ((4 - (6 - -3)) + -1)?
-1
Calculate (39 - -7) + -35 - -9.
20
What is the value of (3 - ((7 - 16) + 14)) + 3?
1
Evaluate -6 + 0 + 1 - (-917 - -922).
-10
Calculate 12 + 1 + -3 + (13 + -10 - -2).
15
Calculate (-22 - ((-26 - 3) + 12)) + 12 + 0.
7
What is -1 + 4 + (-7 - -12)?
8
-9 + -7 + 27 - (0 - 3)
14
Evaluate 8 + (-15 - 8) - -22 - -8.
15
What is -954 + 984 - (20 - 1)?
11
What is the value of 32 + (8 - (-9 - (-3 + -28)))?
18
Calculate -18 + (9 - 1) - (-7 + 0 + -30).
27
-4 + -14 + -149 + 156
-11
-10 + (3 + 9 - 6) + 12
8
Evaluate -17 + (15 - -24) + -29 + (8 - 0).
1
What is 7 + -28 + 11 - -10?
0
What is the value of 6 + 19 + (-25 - 0) - 13?
-13
What is (1 + (0 - 3) - 2) + -1054 + 1056?
-2
-8 + -2 + (94 - 76)
8
What is 21 - (38 - 22 - -16)?
-11
Evaluate 19 + 33 + -49 - (-12 - 1).
16
What is the value of (0 + 15 - 3) + (24 - (48 - 30))?
18
Evaluate -3 + (7 + -1 - (11 - 27 - -38)).
-19
Evaluate -3 + 15 + -6 + 2 + -8.
0
What is the value of (17 + -11 - -5) + (6 - (32 - 6))?
-9
What is the value of (0 - -4) + (-15 + 14 + -18 - -28)?
13
Evaluate -1 + 3 + 14 - (4 - -35).
-23
What is 1 + 4 - (-88 + 93 - (1 - -12))?
13
What is the value of -109 + 111 - (-13 + 0)?
15
What is the value of 27 + (14 - 27) - 5?
9
What is -29 + (84 + -91 - (-6 - 2))?
-28
Calculate 16 - (22 + 24 + -23).
-7
Calculate -19 + 18 - (2 + -13).
10
What is (14 - -1) + -10 + -4 + 8 + 4?
13
What is the value of -12 + (8 - 7) + 10 + -4?
-5
What is the value of -69 - -36 - (-26 + 7)?
-14
-10 - (14 - 19) - -14
9
What is the value of -6 + (0 + -16 - (1 + -16))?
-7
Evaluate -2 + -7 + (-5 - -13) + 5 + -4.
0
Calculate -1 + 3 + -375 + 386.
13
-16 - (13 + -15 - -5) - 3
-22
Evaluate 37 + -41 + (0 - -7) + 4 - 4.
3
Evaluate (0 - (-9 + -5 + 31)) + 2.
-15
Evaluate -137 + 156 + -10 + 0 - -10.
19
What is 2 + -3 - (-6 + 1 + (-12 - -11))?
5
(-51 - -61) + 2 + -6 + -5
1
What is the value of (1 - 7) + (4 - 3) - -6?
1
What is the value of -13 + 1 + 3 - (29 - 35) - 20?
-23
Calculate -2 - (-18 - -21 - 1).
-4
What is the value of (42 - -11) + -12 - 59?
-18
Calculate 4 + 3 - (-9 + 5 - 2).
13
What is 21 - 31 - (-4 + -1) - (3 - 27)?
19
What is -23 + (-16 + 14 - -8) - -16?
-1
What is -15 - ((11 - (-16 + 33)) + 5)?
-14
4 - (-7 + 14 + -2 + 2 - 6)
3
-10 + 25 + -8 - 30
-23
What is -15 + 2 + -20 + (34 - 15)?
-14
Evaluate (2 + 7 - (44 - 31)) + -8.
-12
Evaluate -3 + (-2 - (-3 - -2) - (9 - 1)).
-12
Calculate (-7 - -3) + (3 - 5) - 4.
-10
Calculate (32 - 24) + 5 + -7 - 13.
-7
4 - (21 + (11 - 20))
-8
What is (-6 + 6 - (2 + -7)) + 5?
10
What is the value of (13 - 1) + -7 + 0?
5
Calculate -1 - 36 - (2879 - 2921).
5
-8 - (-1 + -1 - -2)
-8
-1 - 5 - (55 + -69) - 20
-12
What is the value of -1 - (-8 + 8 + -3 + 8 - 5)?
-1
Calculate -5 + 0 - ((-3 - 10) + 6).
2
(1 - 6) + (-6 - -23) + (-66 - -42)
-12
Evaluate 0 - -13 - (-21 - 5 - -27).
12
Evaluate -67 + 25 + 28 - (-6 + (0 - -2)).
-10
What is the value of (-18 - -4) + (-2 - -12) + -10?
-14
What is (1 - 4) + 0 + (7 - (10 + -13))?
7
Evaluate 6 - (2 - -4 - 0) - (2 + 0).
-2
Evaluate 5 + -13 + 11 - (0 + 2) - -7.
8
What is the value of (-18 - (-6 - -4 - (-6 + 6))) + -2?
-18
What is -12 + (-4 + 4 - (3 + 0) - -5)?
-10
Evaluate -23 + (48 - (34 + -20)).
11
Calculate 15 + (-15 - 1) + 9.
8
What is 28 + -3 + -11 - 1?
13
2 + (44 + -38 - (4 - -2))
2
Calculate 0 - -6 - 6 - (47 + -25).
-22
-16 + (-14 - -18) + -3
-15
-9 - (8 + -19 - 3)
5
What is (94 - 105) + -21 + 1?
-31
What is 10 - ((-6 - (-11 + 8)) + 11)?
2
Calculate 42 + -9 + -19 + 1 + 3.
18
What is the value of 0 - (17 + -3 - 3 - (215 + -216))?
-12
Calculate (-79 - -71) + (8 - 0).
0
14 + (-16 - (-6 + 6))
-2
Evaluate -7 - (14 - (-9 - -16 - -2)).
-12
Evaluate (6 - (-31 - -38)) + -10.
-11
What is the value of (-37 - (34 + -76)) + -37?
-32
What is -8 + 1 + -1 + 12 + (-84 - -96)?
16
What is 21 + -17 - 27 - -14?
-9
What is (9 - (-6 + 6 + -10)) + -3?
16
What is 15 + -1 + 12 - -16 - 12?
30
What is (48 - 29) + (-3 - -2) + -6?
12
407 + -416 + 2 + 0 + 33
26
Evaluate 24 + -15 + 1 + 0.
10
Calculate 3 - 13 - -26 - (8 - -1).
7
What is -38 + 1 + 9 + (-32 - -38)?
-22
What is (55 - (14 + 27)) + 2 + 0 + 0?
16
Calculate (0 - 17) + (19 - (-5 - -20)).
-13
Calculate -11 - ((6 - 6) + 6 - 10).
-7
Calculate (3 + 0 - -6) + (-14 + 7 - -2).
4
Evaluate -24 + (9 - 8 - (-9 - -6)) - -5.
-15
(3 - -3) + (-5 - -6)
7
Evaluate -22 + 0 - (-6 - (-5 - -3 - -4)).
-14
What is 36 + 6 + -57 + 37?
22
What is (-11 - -10) + -7 + 8 + -3 + 1?
-2
What is the value of 0 - 4 - (-13 - (2 - -6)) - 6?
11
Calculate -1 + (-25 + 9 - -22).
5
What is the value of -24 + (26 - 5) - 5?
-8
Evaluate (-2 - -1) + -439 + 432.
-8
What is (2 + -5 + -2 - -3) + -9?